3 - 10*t**2 - 9*t + 3. Determine c(k).
3
Let u(z) be the third derivative of 7*z**4/12 + 7*z**3/6 + z**2. Let n(x) = -9*x - 5. Let i(g) = -7*n(g) - 5*u(g). Let o = -61 - -60. Calculate i(o).
7
Suppose 2*b = -5*t - 32, 4*t = b - 13 + 3. Suppose 11*j - 681 = 826. Let m(k) = 0 - j*k + 139*k + 9. Calculate m(b).
-3
Let b(s) = 7 - 3*s + 21*s - 8*s - 2*s - 2. Calculate b(4).
37
Let v(w) = -6*w + 1. Suppose 2*l + 6 = 2*z - 0*l, -6 = z + 2*l. Let k be (-12)/(-16) + (-4)/(-16). Let d = k - z. What is v(d)?
-5
Let q(f) = f**3 - 6*f**2 + 9*f + 2. Let g be 308/70 + (-2)/5. Let l be q(g). Let k(o) = -o**3 + 7*o**2 - 7*o - 7. Determine k(l).
-13
Let w(h) = 27*h - 4*h - 15*h - 4 + 0. Give w(7).
52
Suppose -p - 3 + 21 = -3*c, -2*p - 4*c = -76. Let w = p + -38. Let x(r) = -r**2 - 10*r - 11. Calculate x(w).
5
Let d(x) = 8*x**3 + x**2 - 1. Let v = -142 - -138. Let j be 3*v/12*1. What is d(j)?
-8
Let u be -8*((-12)/3 - -3). Let z(r) = -r**2 + 10*r - 7. Let l be z(u). Let d(p) = -7 + l + 4*p - 6*p. What is d(-4)?
10
Let l(n) = -6*n**3 + 2*n**2 - 4*n + 8. Let s(v) = v**3 - v**2 + v - 2. Let a(q) = -l(q) - 5*s(q). Give a(-3).
5
Let t(h) = -h**3 - 12*h**2 - 11*h + 8. Suppose -3*x + p = 33, -19 - 3 = 2*x + 2*p. Give t(x).
8
Suppose 0 = 3*l + 3*o + 6, 4*o - 2*o = -5*l + 5. Let b(n) = 89*n + 91*n - n**2 - 179*n - n**l - 1. Give b(1).
-2
Suppose -11*h - 882 = -926. Let g(x) = -2*x + x + 4*x + 3. Give g(h).
15
Let p be (-3)/4 - (105/20 + -6). Let d(i) = -i**3 - 7*i**2 - 3*i + 3 - i + p*i. Give d(-6).
-9
Let h(a) = a**3 + 3*a**2 - a. Let f(w) = -w**2 + 7*w + 6. Suppose 4*x = -k + 33, 4*x + x = 5*k + 35. Let i be f(x). Calculate h(i).
6
Let s(d) = -d**2 + 7*d - 6. Let a = -290 - -297. What is s(a)?
-6
Let h(r) be the second derivative of -r**4/12 - 13*r**3/6 - 3*r**2 - 2*r + 3. Calculate h(-14).
-20
Let i(p) be the second derivative of -p**4/6 - 10*p**3/3 - 15*p**2/2 - 14*p. What is i(-9)?
3
Let z(y) be the first derivative of -y**4/4 + 2*y**3 - 4*y**2 + 7*y - 14. Suppose -5*m + 4*m + 5 = 0. What is z(m)?
-8
Let d(f) be the third derivative of -f**4/12 + f**3/2 + 71*f**2. Give d(-7).
17
Let p(t) = -3*t**2 - 2*t**2 - t**3 + 2 - 3*t - 4*t + 15*t. Let g(n) = 3*n**3 + 9*n**2 - 17*n - 5. Let x(q) = -2*g(q) - 5*p(q). Determine x(6).
0
Suppose 5*v - 16 - 19 = 0. Let b(f) = f - 1. Calculate b(v).
6
Let r(q) = 2*q**2 - 2*q + 1. Let g be (((-12)/3 - -2)/2)/(-1). Calculate r(g).
1
Let l(x) = -4*x**2 - 8*x + 9. Let v(a) = a**2 - 2. Let z(q) = l(q) + 3*v(q). What is z(-6)?
15
Suppose 2*h + 4*y = 5*h - 1, 0 = -h + 5*y + 4. Let l be ((-72)/16)/(6/(-16)). Let b(r) = -r - 7 + l*r**2 - 6 + 12. What is b(h)?
12
Let x(h) = 11*h**2 - 7*h - 17. Let o(v) = -v**3 + 1. Let j(w) = 2*o(w) + x(w). Let i(y) = y**3 - 5*y**2 + 3*y + 8. Let z(m) = 5*i(m) + 3*j(m). What is z(7)?
2
Let m(y) be the first derivative of y**2/2 + 11*y - 86. Suppose -4*k - 32 = -0*k. Let h be m(k). Let a(z) = z**3 - 3*z**2. Determine a(h).
0
Let t(m) be the second derivative of -m**6/180 - m**5/40 - 2*m**4/3 + 11*m. Let j(x) be the third derivative of t(x). Determine j(-2).
5
Let s(v) be the first derivative of v**3/3 - v**2/2 - 4*v + 81. Determine s(5).
16
Let m = -7 - -13. Let s(t) = -t**2 + 11*t - 6. Let c(y) = y. Let l = 13 - 16. Let h(o) = l*c(o) + s(o). Determine h(m).
6
Let y(n) = 2*n + 5. Let h(f) = 10*f + 2*f - 8*f + f + 14. Let r(c) = 3*h(c) - 8*y(c). Calculate r(-3).
5
Let r(w) be the first derivative of w**2/2 - 87. What is r(11)?
11
Let q(r) be the first derivative of r**5/20 - r**4/3 - r**3/2 - 3*r**2/2 - r + 15. Let k(o) be the first derivative of q(o). What is k(5)?
7
Suppose 0 = 3*n + 2*l, -5*n + 0*n = -5*l + 25. Let a be 4/(-10) + 4/10. Let f(r) = r - 1 - 1 - 4*r + a. What is f(n)?
4
Let b be 10/16 - (-118)/(-944). Let v(a) be the first derivative of 1 + a + 0*a**3 + 1/2*a**2 - b*a**4. What is v(-1)?
2
Suppose -2*t = -3*j + 11, -4 - 7 = -3*t - j. Let o = 26 + -32. Let y(g) = -g + 2. Let p(i) = 3*i - 6. Let z(m) = o*p(m) - 17*y(m). Calculate z(t).
0
Suppose -5*h + w - 9 = -31, 0 = 3*w + 6. Suppose 0 = h*m + 2*a + 12, 4*m + 3*a + 2*a = 0. Let q be (-5 - m)/(-1 + 3). Let f(g) = -g - 8. What is f(q)?
-8
Let j(q) be the third derivative of 3/8*q**4 + 1/60*q**5 + 0*q**3 + 0 + 0*q - 20*q**2. Determine j(-9).
0
Let m(q) = 2*q**3 + 3*q**2 - 13*q - 9. Let n(b) = 3*b**3 + 4*b**2 - 20*b - 14. Let k = -31 - -23. Let h(w) = k*m(w) + 5*n(w). Calculate h(-5).
7
Let a(y) be the first derivative of y**4/4 - 7*y**3/3 + 7*y**2/2 - 5*y - 1. Suppose -t = -4*b + 29, 2*b + 5 = -4*t - 3. What is a(b)?
1
Suppose -29 = -w - 30. Let n(h) = 6*h + 1. Let r(s) = -s + 1. Let f(z) = w*n(z) + 2*r(z). Determine f(-1).
9
Let t(k) = k**2 + 5*k. Let x be t(-6). Suppose -2 = -x*y - 8. Let p(l) = -4*l**2 + 1. What is p(y)?
-3
Suppose 3*p = 7*p + 2*f - 10, 4*p + 5*f = -5. Let x(y) = -4 + 1 - 3 + y. Determine x(p).
-1
Let k(q) = q**3 + 5*q**2 - 2*q - 3. Let o(y) = 6*y**2 - 4*y + 8. Let x be o(2). Let n = x + -29. Calculate k(n).
7
Let p(m) be the third derivative of -m**6/60 - m**5/60 - m**4/12 + 5*m**3/6 + 7*m**2 - 5*m. Calculate p(0).
5
Let y(u) = 5*u + 12. Let q(i) = -2*i - 2. Let m(l) = -3*q(l) - y(l). Calculate m(6).
0
Suppose -8 = -2*i, -4*c + 2*i + 115 - 43 = 0. Let x = c + -16. Suppose 0 = k - 4*t + 4, 2*k = x*t + 5 - 13. Let f(m) = -2*m - 3. Calculate f(k).
5
Suppose -j = -5*l, -2*l = -5*l + j. Let f(r) = 3*r - 7. Let s be 2/(-3)*3*3/6. Let t(z) = z. Let p(c) = s*f(c) + 4*t(c). Calculate p(l).
7
Let b(h) = 0 + 7*h + 7*h - 13*h - 4. Let x be b(7). Let r(m) = 22*m**x - 36*m**3 + 15*m**3 + m - 4 - 2*m**2. Give r(3).
8
Let q = 169 - 169. Let x(j) = -j**2 + 4*j - 4. Determine x(q).
-4
Let y(p) = 9*p - 9. Let m(s) = 5*s - 4. Let v(r) = 5*m(r) - 3*y(r). Suppose d + 15 = -2*o + 4*o, -4*o = d - 15. What is v(o)?
-3
Let q(b) = -4*b + 6. Let g be (-2 - 1) + 4 + 4. Calculate q(g).
-14
Let b(j) = 16 - 6*j - 12 - 5 + j + 0. Let f be 1/(-2) - 1/2. What is b(f)?
4
Suppose -141 + 81 = 10*l. Let j(x) = x**2 + 6*x + 2. What is j(l)?
2
Let d(u) be the second derivative of u**4/6 - u**2/2 + u. Suppose 32 = 4*b + 4*n, 0 = -2*b + 3*b - 2*n + 7. Suppose -b*o - 2 = -o. What is d(o)?
1
Let n(u) be the third derivative of -u**4/24 + 4*u**3 + 97*u**2. Determine n(0).
24
Let c(r) = -2*r**2 + 4*r**2 - 4*r**2 - 2*r - 4*r - 6 + r**2. Let d be 4/(-3)*(0 - -3). Determine c(d).
2
Let t(g) = -g**3 + 7*g**2 + 4*g - 2. Let i be t(7). Suppose 3*r = -20 - 46. Let z = r + i. Let c(v) = -2*v - 3. What is c(z)?
-11
Let m(j) = j**2 - 12*j + 10. Let v be m(11). Let u be 0/(v - 0/(-4)). Let d(l) = -l + 4 + 2 + u. Determine d(0).
6
Let w(t) = t**3 - 8*t**2 + 5*t + 7. Let j be (-5 + 3 + 3)/(2/28). Suppose -9*k + 7*k = -j. Determine w(k).
-7
Let b be 4 - (1/(-1) - -4). Let z(i) = 11*i - 12. Let j(a) = 22*a - 26. Let w(d) = -6*j(d) + 13*z(d). Calculate w(b).
11
Suppose 117 + 86 = -5*x - 3*j, 3*x + 115 = 5*j. Let q be (-12)/(-10)*x/12. Let o(z) = -z**2 - 2*z. What is o(q)?
-8
Let m(j) = 3*j + 19. Let r(z) = -z - 9. Let n(b) = 2*m(b) + 5*r(b). Suppose -5*u - 4*x = -36, u - 3*x - 5 = -6*x. Calculate n(u).
1
Let t(z) = -z**2 - 7*z + 1. Suppose -2*h + 5*c = -7*h - 10, 5*h - 5*c + 50 = 0. Give t(h).
7
Let p = 386 + -387. Let d(k) = 2*k**3 - k**2 + k + 2. Give d(p).
-2
Let h(o) = -13*o**2 + 8*o + 6. Let z(t) = 3*t**2. Let x(c) = h(c) + 4*z(c). Give x(8).
6
Let w(k) = 3*k + 7. Let j(i) = 2*i + 7. Let b = 23 - 19. Let f(c) = b*j(c) - 3*w(c). Calculate f(-5).
12
Let l be (-12)/8 + (-30)/(-4). Let x(k) = k**3 - l + 5*k**2 - 7 - 8*k + 4 + 1. Suppose 0 = 2*i + 3*g - 3, -4*i - 35 = i - g. Determine x(i).
4
Let y(z) = z - 4. Let o be y(4). Let p(t) = 2*t - 3*t + 1 + o. Suppose 101*f - 14 + 14 = 0. Give p(f).
1
Let u = 2 - 0. Suppose -3*p = -2*j - 10, -2*p = 4*j - 0*p - 12. Let z(t) = 2*t + j - 6 + 2 + u - t**2. Give z(3).
-4
Let x(r) = -4*r - 24. Let i be x(-10). Let o = 11 - i. Let l = -7 - o. Let j(a) = -a**2 + 4*a + 3. Determine j(l).
-9
Let h(o) = 5*o + 8. Let s be 117/(-36)*-4 - 14. What is h(s)?
3
Suppose -201 - 48 = -5*i - 3*z, -i + 63 = 5*z. Let v = i + -52. Let s(l) = -l - 7. What is s(v)?
-3
Let y(r) be the second derivative of r**4/24 + r**3/6 + r**2 + 2*r. Let f(t) be the first derivative of y(t). Let h = -1085 - -1089. What is f(h)?
5
Let i(x) = x - 37. Let k be i(22). Let q = k + 16. Let 